Calculate the greatest common factor of 14 and v.
7
Suppose 0 = 2*t + t - 24. Let h = t - 4. Suppose -2*a = -4*x - 16, a + 2*a = -h*x + 74. Calculate the greatest common factor of 162 and a.
18
Let d(j) = j**2 - 3*j + 4. Let v be d(4). Calculate the greatest common factor of v and 4.
4
Let u be (-30)/(-4)*(-16)/(-6). What is the highest common factor of u and 50?
10
Let d(f) = 2*f**3 + 10*f**2 - 13*f - 2. Let l be d(-6). Calculate the highest common factor of 20 and l.
4
Suppose 4*g - 270 = -14*g. What is the greatest common factor of g and 60?
15
Suppose m - 4*o = 4*m - 26, -7 = -m - 3*o. Suppose -3*p + 4 = 19. Let q = 20 + p. What is the greatest common factor of q and m?
5
Let s(o) = o**2 + 5*o - 2. Let i be s(-6). Suppose i*g - 19 - 89 = 0. Suppose -5*n + 20 = 5. What is the greatest common divisor of g and n?
3
Let m be (-17)/(-4)*17/(68/80). Calculate the greatest common factor of 17 and m.
17
Suppose 0*y = 6*y - 42. Suppose 2*z - 76 = 36. What is the greatest common divisor of z and y?
7
Suppose 0 = -2*t - m + 53, 110 = 8*t - 3*t - 2*m. What is the highest common divisor of t and 3?
3
Let r be (1/3)/(2/66). Let g = r - 3. What is the highest common factor of 64 and g?
8
Suppose 0 = -2*t + 3*k + 66, 241 - 65 = 4*t + 5*k. What is the greatest common divisor of t and 234?
39
Let s(k) = 7*k**2 - 1. Let i be s(-2). Suppose 5*z - 15 = -d, -12 - 3 = -2*d - 5*z. Let a = 3 - d. Calculate the highest common divisor of a and i.
3
Suppose 5 = -2*l - 2*x - 3, 0 = 5*x + 10. Let f be l - 3*(-1)/(-3). Let a be (-29)/f + (-1)/(-3). What is the highest common factor of 15 and a?
5
Let v = 67 - 31. Calculate the greatest common divisor of v and 4.
4
Let m = -260 + 261. Let k(t) = -t**2 + 5*t + 2. Let c(w) = 2*w**2 - 5*w + 2. Let b be c(3). Let n be k(b). Calculate the greatest common divisor of m and n.
1
Suppose 4*h - 7 = 3*h. Let b be 4 + (-3)/((-6)/4). Let o be (b/3)/(8/84). What is the greatest common divisor of o and h?
7
Let s = -77 + 93. What is the highest common factor of 4 and s?
4
Suppose 2*g + 3 = 7. Let q = 6 - -4. What is the greatest common factor of q and g?
2
Let n = 18 + -12. Let v be (-3)/((-9)/10)*9. What is the greatest common divisor of v and n?
6
Let u be (1 - 7)/(3 - 5). Suppose 2*n + u*t = -5, 2*n + 0*t - t - 15 = 0. Let p be (4/n)/((-8)/(-100)). Calculate the greatest common factor of 25 and p.
5
Let r be (5 - -4) + 4 + -4. Calculate the highest common factor of r and 117.
9
Suppose 0 = -t + 3*t - 22. Let h = -10 - t. Let j be 12/14*h/(-3). What is the highest common factor of 2 and j?
2
Suppose -3 - 6 = -3*l - n, 9 = 3*l - 3*n. Let q be (-56)/l*9/(-4). Let d(x) = -x**2 + x + 28. Let h be d(0). What is the highest common factor of q and h?
14
Let d = 17 - 14. Let j be 85/3 + d/(-9). Calculate the greatest common divisor of j and 28.
28
Let v = -10 + 34. Calculate the greatest common divisor of 36 and v.
12
Let r = -19 + 29. Calculate the greatest common divisor of 2 and r.
2
Let n be (86 + -4)/1 - -2. Calculate the greatest common divisor of 126 and n.
42
Let f = -60 - -93. Suppose -5*m - 4 = -19. Calculate the greatest common divisor of m and f.
3
Let k = -67 - -130. What is the highest common factor of k and 14?
7
Suppose -81 = m - 4*m. What is the highest common divisor of 189 and m?
27
Let s(l) = -l + 16. Let v(p) = 2*p - 4. Let r be v(7). Let a be s(r). Suppose 0 = -j + a + 28. Calculate the highest common factor of 51 and j.
17
Suppose 0 = -5*p - 21 + 6. Let s = 2 + p. Let w be -2*11/(-2) + s. What is the highest common factor of 50 and w?
10
Let i(g) = -g**3 - 7*g**2 - 4*g - 32. Let t be i(-8). Calculate the greatest common divisor of t and 80.
16
Let n = 52 + -26. Suppose 0*z + 325 = 5*z. What is the highest common factor of n and z?
13
Let w = -18 + 20. Let j = 13 - 11. What is the highest common divisor of w and j?
2
Suppose 5*o = -5*d + 40, 5*o - 3*o - 20 = -3*d. Let g = -3 + d. Let k(a) = a**2 + 13*a - 112. Let i be k(-19). Calculate the highest common factor of g and i.
1
Suppose 2*c = -2*c + 260. Suppose 0 = -2*m + c + 9. Suppose 0 = 2*y - 10, g + 4*y - m = -0*g. What is the highest common divisor of g and 119?
17
Suppose 7 = 3*z - 14. Let d = z - 4. Let h be (2/3)/(8/396). What is the highest common divisor of d and h?
3
Suppose -1 = -4*t + 3. Calculate the highest common factor of 11 and t.
1
Suppose -2*l + f + 35 = -l, 0 = -3*f - 15. Suppose 0 = -u - 23 + 5. Let s be (-2 + u/(-4))*30. Calculate the highest common factor of s and l.
15
Let y(z) = z**2 + z - 2. Let u be y(3). Let b be 1*(u - (-1 - 0)). Let p be (22/4 + 0)*2. What is the highest common divisor of p and b?
11
Let v = 7 + -4. Let h(y) = 15*y**2 - y + 1. Let i be h(1). Calculate the highest common factor of v and i.
3
Let x(j) = -j**2 + 5*j - 1. Let c be x(4). Let o(p) = p**3 + 4*p**2 - 3*p. Let l be o(-4). Calculate the greatest common divisor of c and l.
3
Suppose 0*p + 95 = 5*p. What is the highest common divisor of 209 and p?
19
Let o be (40/(-12))/5*-9. What is the highest common divisor of 24 and o?
6
Suppose -3*i + 5 = -7. Suppose i = -3*p + 22. Suppose 0 = p*k - 2*k - 16. What is the highest common factor of 6 and k?
2
Suppose -250 = -6*g + 4*g. Calculate the greatest common factor of 25 and g.
25
Let p(h) = h**2 - 2*h - 2. Suppose 3*t = 6*t - 21. Let n be p(t). Let q = -20 + 42. Calculate the highest common divisor of q and n.
11
Let k(y) = -y**3 - 9*y**2 - 2*y - 6. Let a be k(-9). Calculate the highest common divisor of a and 4.
4
Let v = 67 + -42. Calculate the greatest common factor of 75 and v.
25
Let o(k) = -k - 8*k**3 + 18*k**3 + 6*k**3. Let y be o(1). Suppose -6*j = -5*j - 135. What is the greatest common factor of j and y?
15
Let g be 14*-12*8/(-12). Suppose n - 3*i - 17 = 0, -4*i - 103 = -3*n - 37. Let h = -12 + n. Calculate the highest common divisor of g and h.
14
Suppose z = -2*i + 4 + 10, 4*z = 0. Suppose 5 = -6*a + i*a, -4*a + 26 = 3*k. Calculate the highest common divisor of k and 4.
2
Suppose p - 1 = 2. Let o be (-4)/14 + (-214)/(-14). Calculate the highest common divisor of o and p.
3
Let k = 87 - 48. Suppose -3*o = r + 10 + 19, 0 = 3*r - 5*o + 45. Let b = r + 33. Calculate the highest common factor of b and k.
13
Let v = -106 - -184. Suppose 2*b = -6 + v. Calculate the greatest common divisor of 4 and b.
4
Let w(u) = -3 + u**3 + 0 + 3*u**2 - 3*u + 3. Let h be w(-3). What is the greatest common divisor of 99 and h?
9
Let w(q) = -2*q**3 - 2*q**2 - 2*q - 6. Let j be w(-3). What is the highest common factor of 9 and j?
9
Let m = -27 - -71. Let y = m + -23. Calculate the greatest common divisor of 7 and y.
7
Suppose 0 = 4*y - 19 - 53. What is the highest common factor of y and 6?
6
Let n(r) = -8*r + 1. Let o be n(-7). What is the highest common divisor of o and 19?
19
Let c be -4*(-4 - -2) - -2. Suppose -8 = -3*m + 2*m - 4*r, -4*m - 4*r + 20 = 0. Suppose 2*d = 26 + m. What is the highest common divisor of d and c?
5
Let r be ((-10)/(-15))/(2/6). Suppose 31 - 3 = r*o. Calculate the greatest common factor of 21 and o.
7
Suppose -g + 77 = 2*j - 2*g, j = -g + 37. Suppose j = 4*r - 10. Calculate the highest common factor of 36 and r.
12
Suppose -f + 3*z + 13 = 1, -z + 3 = 2*f. Calculate the highest common divisor of f and 12.
3
Let h be ((-121)/(-3) - 1) + 8/(-24). Calculate the greatest common divisor of 13 and h.
13
Let q(x) = -5*x - 5. Let k be q(-4). Suppose 0 = -4*u + 3 + 9. Suppose -p = u*p - 60. What is the highest common divisor of p and k?
15
Suppose y + y - 8 = 3*z, -5 = 5*y + 5*z. Let i be y/(-2)*-3*88. Suppose -4*u = 4*t - 44, 2*t - u - u - 26 = 0. Calculate the highest common divisor of t and i.
12
Let h = -11 + 9. Let g be (h/2 - -3) + 20. What is the highest common divisor of 55 and g?
11
Let r be -3 - (-122)/(-2)*-1. Let a = -39 + r. What is the highest common factor of 95 and a?
19
Suppose 0 = -2*w + 31 - 7. What is the highest common factor of 48 and w?
12
Let k = 43 + -25. Calculate the highest common divisor of k and 144.
18
Let c = 18 - 11. Let h = -6 + c. What is the highest common factor of h and 8?
1
Suppose 16 - 10 = d. Calculate the greatest common divisor of 18 and d.
6
Let k(o) = -o + 3. Let f(c) = -c + 2. Let x be f(11). Let z be k(x). Calculate the highest common factor of z and 24.
12
Let m(r) = -r**